 + 7*v(i). Determine n(-1).
4
Let j(y) = y + 9. Let z be (-4)/22 - 20/11. Let i be 2 + z + -3 - 3. What is j(i)?
3
Let o be -3 - -2*12/4. Let y be (o + -6 - -4)*1. Let w(f) be the second derivative of -3*f**4/4 + f. Determine w(y).
-9
Let n(m) = 30*m - 4 + 30*m - 61*m. Calculate n(-5).
1
Let v(f) = 2*f**2 - 3*f + 2. Let y = 7 - 3. Let z(k) = 2*k**2 - 4*k + 3. Let c(m) = y*v(m) - 3*z(m). Give c(1).
1
Suppose -3*i = -5*i - 6. Let t(m) = -m**3 - 3*m**2 + 3*m + 4. Determine t(i).
-5
Let b(d) be the third derivative of d**5/60 - d**4/4 - 3*d**3/2 + 4*d**2. Calculate b(7).
-2
Let m(w) = 3*w**2 - 11*w - 1. Let h(p) = p**2 - 4*p. Let i(r) = -7*h(r) + 2*m(r). Determine i(6).
-2
Let x(q) = -6*q + 8*q - 2 + 6 + 1. Let z(w) = -2 - 2*w + 3*w + 0*w. Let p be z(-3). What is x(p)?
-5
Let h(a) = -204*a + 203*a + 2 - 3. Give h(4).
-5
Suppose -n - 2*s - 8 + 2 = 0, 4*n - 24 = 4*s. Let j(q) = -q - 5*q + 3*q + 6 + n*q. What is j(3)?
3
Let t = -9 + 11. Let o(i) = -i**2 + 0*i**2 + t*i + 2*i + 2 - 9*i. Calculate o(-4).
6
Let v(r) = 5 - 2*r + r - 7. Determine v(-5).
3
Let o(r) be the second derivative of 0 - 2*r + 3/2*r**2 + 1/6*r**3. Determine o(0).
3
Let d(z) = -14*z**2 + 5*z**2 - 6 - 8*z + 3*z - 4*z - z**3. Determine d(-8).
2
Let i(p) = -11*p**2 - 2*p + 15. Let u(d) = 0*d**2 + d + 3*d**2 + 7*d**2 - 5*d**2 - 7. Let o(x) = -6*i(x) - 13*u(x). What is o(2)?
3
Let o(q) = -3*q. Let s(c) = -c + 1. Let j(f) = o(f) - 4*s(f). Determine j(6).
2
Let v = 10 - 16. Let w(r) be the first derivative of -r**2/2 + r + 12. What is w(v)?
7
Let b(u) be the second derivative of -u**3/6 - 3*u**2 + 18*u. Calculate b(-5).
-1
Suppose -2*q = -5*q + 6. Let f(z) be the second derivative of z**5/20 - z**4/6 + z**2/2 - z. Determine f(q).
1
Let m(r) be the third derivative of r**4/24 + 7*r**3/6 + r**2. What is m(0)?
7
Let c be 1*(-4)/12*-21. Let i(a) = 2*a - 7. Give i(c).
7
Let x(l) be the third derivative of 0 + 1/120*l**6 + 0*l - 7/60*l**5 + 1/4*l**4 + 0*l**3 + l**2. Give x(6).
0
Let r(g) = -2*g. Let s be r(-1). Let b(v) = -2*v**2 + 1 - 13*v + 12*v - 2 + 3*v**2. Calculate b(s).
1
Let l(x) = 3*x + 6. Let o(r) = -5*r**3 + 2*r - 1. Let q(f) = -f**3 - 7*f**2 - 7*f - 3. Let y be q(-6). Suppose y = 6*g - 3*g. Let s be o(g). Determine l(s).
-6
Let g = 32 - 31. Let k(j) = -j**3 + 1. Let l(v) = 4*v**3 - v**2 + v - 7. Let y(a) = -6*k(a) - l(a). Calculate y(g).
3
Let s(f) = -5*f - 2 - 72*f**2 + 146*f**2 - 73*f**2. What is s(5)?
-2
Let v(m) = -m + 10. Let j = -16 - -16. Determine v(j).
10
Let s(w) be the third derivative of w**5/60 - 7*w**4/24 + 5*w**3/6 - 15*w**2. Let g = -6 - -11. Give s(g).
-5
Suppose 0 = -w + 3 - 1. Let v be -2*(-1 + w)/2. Let p(j) = 9*j**3 - j - 1. What is p(v)?
-9
Let y(h) = 2*h**3 - 2*h**2 - h + 2. Let f = -15 - -24. Let s(c) = c**2 - 7*c - 13. Let o be s(f). Suppose -b + 2*v = -10, -12 = -9*b + o*b + v. Give y(b).
8
Let s be (2 - (-5 + -2)) + 1. Suppose -4*t + s = -2*t. Suppose -2 = 2*z + u, 0 = -z + 3*u + 8 + t. Let v(l) = -8*l**2 + 1. What is v(z)?
-7
Let l(w) = w**3 + w**2 + 1. Let j be -1*(-1)/2*0. Suppose -3*i + 15 = 5*x, -4*x - x + 2*i - 10 = j. Give l(x).
1
Let n(w) = 10*w - 6. Let o(b) = b - 1. Suppose -2*g + 4*d - 3*d + 5 = 0, -3*d = 3. Let x(h) = g*n(h) - 18*o(h). Give x(-6).
-6
Let j be (3/18)/(7/42). Let z(p) be the third derivative of -p**5/15 - p**4/24 + p**3/6 - p**2. Determine z(j).
-4
Let l(r) be the third derivative of -r**4/24 - r**3/2 - 32*r**2. Let b = 10 - 7. Suppose -b*j = -j + 4. Determine l(j).
-1
Let q be 12/50*5*(-10)/3. Let r(t) = -5*t + 4. Determine r(q).
24
Let p(m) = -m**2 - 3*m + 3. Let n be p(-4). Let k = 3 + n. Let g(c) = 1 - 1 - 2 - 3*c + c**k. Determine g(4).
2
Suppose 4*q + 2*o + 82 = 0, -45 - 52 = 5*q - 3*o. Let z = -12 - q. Let m = z - 4. Let g(t) = t**2 - 3*t + 3. What is g(m)?
7
Suppose -3*z = -0*d + d - 12, 2*z = 5*d - 9. Let r(n) = 3*n**2 - 4*n. Calculate r(z).
15
Let t = 4 - 9. Let i be 1*(0 + (0 - t)). Let a(s) be the third derivative of s**6/120 - s**5/15 - 5*s**4/24 + s**3/2 + 28*s**2. Give a(i).
3
Let n(j) = -j**3 - 3*j**2 + 3*j - 2. Let v be n(-4). Let r(x) be the second derivative of x**4/12 - x**3/6 + x**2 + 2*x. Calculate r(v).
4
Let c be 6 + (-9)/(6/2). Let z(r) = -2*r**c + 3 - 3 + 0. What is z(-1)?
2
Let i be (2/(-6))/(1/(-9)). Let g(p) = -3*p**2 + 4 + 3 + 5*p**2 + 3*p - i*p**2. Suppose 2*u = 11 - 1. Give g(u).
-3
Let s(b) be the third derivative of 0 + 1/6*b**3 + 0*b - 2*b**2 + 1/60*b**5 - 1/12*b**4. Calculate s(3).
4
Let z(b) be the third derivative of b**6/120 + 7*b**5/60 - b**3 - b**2. What is z(-7)?
-6
Let d(s) = -s**2 + 2. Let z(f) = f**2 - 5*f - 3. Let b be z(6). Determine d(b).
-7
Let s(y) be the third derivative of -y**6/120 - 7*y**5/60 - y**4/4 + y**3/3 - 10*y**2. Calculate s(-6).
2
Suppose 0 = 3*w + 3*w + 36. Let m(u) = u + 6. What is m(w)?
0
Let l be (0/(-3))/(-3) + 5. Let h = 13 - l. Let k be h/4 + (-4)/2. Let b(j) = j - 2. What is b(k)?
-2
Let t(p) be the second derivative of -p**5/20 + p**4/3 - 5*p**2/2 + 11*p. Let z be 2/2*4/1. What is t(z)?
-5
Let x(m) = -2*m + 17. Let i be x(10). Let z(q) = -q**3 - 3*q**2 - q - 3. Calculate z(i).
0
Let d(c) = 2*c. Let o(i) = 5*i. Let w(n) = 7*d(n) - 3*o(n). Suppose -4*u + 6*u - 5*z = 7, -z = 5*u + 23. What is w(u)?
4
Let t(w) = w**3 + 3*w**2 + 2*w + 3. Suppose -3*p + 10 - 25 = 0. Let a = 7 + -5. Let b = p + a. Calculate t(b).
-3
Let p be (-1 + -9)*(-4)/10. Let u(o) = o**3 - 3*o**2 - 2*o - 4. Calculate u(p).
4
Let l(t) = t**3 - 4*t**2 - 4*t - 2. Let r(k) = 3*k**3 - 11*k**2 - 11*k - 6. Let c(i) = -8*l(i) + 3*r(i). Suppose 22*q + 8 = 18*q. What is c(q)?
-12
Let l(m) = -2*m - 1. Let h(d) = 5*d - 1. Let k(r) = -h(r) - 3*l(r). What is k(-3)?
1
Let d(n) = 4*n**3 - 2*n**2 + 3*n - 5. Let c(j) = 3*j**3 - j**2 + 3*j - 5. Let l(k) = 5*c(k) - 4*d(k). Give l(4).
-9
Suppose 0*t = -2*t + 10. Let j = t + -6. Let x(r) = 8*r**3 + 1. What is x(j)?
-7
Let y(s) = s**2 + 8*s - 1. Let a be y(-6). Let g be (-2)/a + (-737)/143. Let d(l) = 8*l**2 - 6 + l**3 + 4*l + l**2 - 3*l**2. What is d(g)?
-1
Let s(v) = v**2 + 2*v + 4. Let x(a) = -a**2 - 6*a - 10. Let q(u) = -u - 1. Let z(f) = 5*q(f) - x(f). Let g(w) = -4*s(w) + 3*z(w). Calculate g(-4).
3
Let d(o) be the first derivative of o**2 + 8*o - 1. Suppose -4*a = -2*a + 12. What is d(a)?
-4
Let a = 26 - 17. Suppose x = -3*l + a, -5*l - 3*x = -6 - 9. Suppose -l*u + 3 = 9. Let z(c) = c**2 + 3*c + 3. Give z(u).
1
Let g(a) = a + 0*a + 0*a + 1. Let o be g(-4). Let j be (1/o)/((-2)/(-6)). Let t(v) = 9*v**3 + v**2 - v - 1. Determine t(j).
-8
Let v(j) = -4 + 9 - 3 - 1 + j. Let i = -2 + -3. Give v(i).
-4
Let n(g) = -g. Let u(q) = 4*q - 5. Let w(a) = -a**2 - 1. Let r be w(0). Let t(c) = r*u(c) - 2*n(c). Calculate t(5).
-5
Let j(n) be the second derivative of -n**4/12 - n**3/2 + 7*n**2/2 + 3*n. Let l = 1 + 4. Suppose -5 - l = 2*s. What is j(s)?
-3
Let r = 1 + -1. Let b(i) = i**2 - i - 14. Give b(r).
-14
Suppose 2*p = -b + 56, 3*b - 121 + 37 = -3*p. Let t(i) = -29 - 4*i + p + 7*i. Suppose 4*j - 7 - 1 = 0. What is t(j)?
5
Let x(z) = -z. Suppose 0 = -5*h - 5*n + 5, -10 = -h - n + 3*n. Determine x(h).
-4
Let y(b) be the second derivative of -b**2 + b + 0 + 1/60*b**5 + 1/12*b**4 - 5/6*b**3. Let v(j) be the first derivative of y(j). Determine v(-4).
3
Let w(b) be the first derivative of -b**3 - b**2 + 2*b - 1. Let q be 21 - (3 + 2 + -2). Let n be (-60)/27 - (-4)/q. Determine w(n).
-6
Let f(v) be the third derivative of v**7/420 - v**6/180 + v**4/24 - v**3/6 - 3*v**2. Let s(q) be the first derivative of f(q). Calculate s(2).
9
Let u(m) = 11*m**3 - 2*m**3 + 7 + 4*m**2 + 3*m - 10*m**3. Determine u(5).
-3
Let d(g) = -2*g + 4. Let o(m) be the first derivative of -m**2/2 + 2*m - 2. Suppose 2*l - 12 = -0. Let n(c) = l*d(c) - 14*o(c). Give n(5).
6
Let g be (18 + -17)/(2/10). Let r(m) = 4 - 7*m + 6*m**2 + m - 5*m**3 + 4*m**3. What is r(g)?
-1
Suppose 2*i - 2 = 6. Let q(u) = -7*u - 1. Let x be q(-1). Let t(f) = -3*f + x - i*f + 5*f. What is t(5)?
-4
Let h(x) be the third derivative of -x**6/120 + x**5/12 - x**4/6 - 5*x**3/6 + 2*x**2. Calculate h(4).
-5
Let k(g) = -g. Let w(n) = -n**2 - 11*n - 5. Let v(u) = -6*k(u) + w(u). Give v(-5).
-5
Let b be 2 - (-1)/((-2)/(-46)). Suppose -n + b = 4*n. Let z(o) = -4*o + 5 - 4*o**2 + 3*o**2 + 7*o. Calculate z(n).
-5
Let b(h) be the third derivati